ds digit of 3752810?
2
What is the thousands digit of 61484?
1
What is the hundred thousands digit of 2954443?
9
What is the hundreds digit of 149086?
0
What is the hundred thousands digit of 277172?
2
What is the units digit of 7339613?
3
What is the tens digit of 4421906?
0
What is the hundreds digit of 791568?
5
What is the thousands digit of 37034?
7
What is the tens digit of 515438?
3
What is the thousands digit of 861888?
1
What is the thousands digit of 4441782?
1
What is the hundreds digit of 5254756?
7
What is the millions digit of 5301294?
5
What is the units digit of 662786?
6
What is the hundred thousands digit of 7182202?
1
What is the millions digit of 2898510?
2
What is the hundreds digit of 4066865?
8
What is the hundred thousands digit of 3988505?
9
What is the tens digit of 16731362?
6
What is the hundreds digit of 296180?
1
What is the hundreds digit of 1448?
4
What is the ten thousands digit of 120706?
2
What is the thousands digit of 9022992?
2
What is the tens digit of 2668280?
8
What is the tens digit of 14319325?
2
What is the units digit of 13430?
0
What is the hundreds digit of 1803241?
2
What is the millions digit of 5404741?
5
What is the thousands digit of 499289?
9
What is the thousands digit of 7489235?
9
What is the thousands digit of 778021?
8
What is the units digit of 5250475?
5
What is the millions digit of 1059995?
1
What is the thousands digit of 1145326?
5
What is the units digit of 2479332?
2
What is the millions digit of 29447449?
9
What is the ten thousands digit of 22597277?
9
What is the ten thousands digit of 226346?
2
What is the thousands digit of 429780?
9
What is the hundreds digit of 13835263?
2
What is the thousands digit of 34791?
4
What is the tens digit of 1144369?
6
What is the ten thousands digit of 1166605?
6
What is the hundred thousands digit of 2242915?
2
What is the millions digit of 2937869?
2
What is the ten millions digit of 10542651?
1
What is the tens digit of 660568?
6
What is the millions digit of 9077495?
9
What is the ten thousands digit of 1575188?
7
What is the thousands digit of 173226?
3
What is the hundreds digit of 2083588?
5
What is the hundreds digit of 6344446?
4
What is the millions digit of 16176096?
6
What is the hundreds digit of 33811854?
8
What is the hundreds digit of 4834474?
4
What is the ten thousands digit of 221142?
2
What is the ten thousands digit of 12756846?
5
What is the units digit of 178215?
5
What is the hundred thousands digit of 874375?
8
What is the thousands digit of 552251?
2
What is the ten thousands digit of 2106312?
0
What is the units digit of 38319?
9
What is the thousands digit of 13150324?
0
What is the thousands digit of 328597?
8
What is the tens digit of 8951064?
6
What is the units digit of 232562?
2
What is the hundred thousands digit of 454819?
4
What is the thousands digit of 1639420?
9
What is the thousands digit of 996596?
6
What is the thousands digit of 1741181?
1
What is the thousands digit of 570795?
0
What is the ten thousands digit of 336895?
3
What is the hundreds digit of 639365?
3
What is the hundreds digit of 310380?
3
What is the units digit of 172831?
1
What is the units digit of 3220127?
7
What is the units digit of 284131?
1
What is the units digit of 6548599?
9
What is the millions digit of 7065163?
7
What is the units digit of 21709288?
8
What is the hundred thousands digit of 705955?
7
What is the hundreds digit of 2194?
1
What is the thousands digit of 534869?
4
What is the ten thousands digit of 72112?
7
What is the tens digit of 6114771?
7
What is the millions digit of 2601588?
2
What is the millions digit of 8251151?
8
What is the ten thousands digit of 12227172?
2
What is the thousands digit of 209627?
9
What is the hundreds digit of 1147099?
0
What is the millions digit of 11565730?
1
What is the hundreds digit of 44376?
3
What is the tens digit of 3878929?
2
What is the hundred thousands digit of 677664?
6
What is the hundreds digit of 433016?
0
What is the hundreds digit of 602013?
0
What is the tens digit of 681035?
3
What is the tens digit of 2113216?
1
What is the hundred thousands digit of 770200?
7
What is the units digit of 83108?
8
What is the tens digit of 78065?
6
What is the units digit of 11216851?
1
What is the thousands digit of 82502?
2
What is the hundreds digit of 335747?
7
What is the thousands digit of 53643?
3
What is the ten thousands digit of 2166507?
6
What is the ten thousands digit of 1354557?
5
What is the ten thousands digit of 1340175?
4
What is the units digit of 300281?
1
What is the hundreds digit of 1775313?
3
What is the thousands digit of 465321?
5
What is the thousands digit of 23024?
3
What is the units digit of 82807?
7
What is the millions digit of 1625811?
1
What is the thousands digit of 143865?
3
What is the hundred thousands digit of 2564321?
5
What is the hundreds digit of 2319912?
9
What is the ten thousands digit of 3513184?
1
What is the millions digit of 17083965?
7
What is the ten thousands digit of 783641?
8
What is the millions digit of 2910684?
2
What is the hundreds digit of 4102257?
2
What is the units digit of 27084936?
6
What is the tens digit of 1609071?
7
What is the ten thousands digit of 6264741?
6
What is the thousands digit of 80349?
0
What is the units digit of 26333820?
0
What is the thousands digit of 30903?
0
What is the units digit of 16485?
5
What is the hundreds digit of 1637233?
2
What is the thousands digit of 4252822?
2
What is the tens digit of 27646614?
1
What is the hundreds digit of 21454446?
4
What is the hundreds digit of 115733?
7
What is the hundreds digit of 323946?
9
What is the tens digit of 3343466?
6
What is the tens digit of 591791?
9
What is the tens digit of 58176?
7
What is the hundred thousands digit of 760474?
7
What is the ten thousands digit of 2634795?
3
What is the hundreds digit of 65033?
0
What is the thousands digit of 762682?
2
What is the hundreds digit of 2506247?
2
What is the hundreds digit of 1615759?
7
What is the hundred thousands digit of 392048?
3
What is the hundred thousands digit of 518063?
5
What is the ten thousands digit of 8726260?
2
What is the ten thousands digit of 545473?
4
What is the units digit of 4716818?
8
What is the units digit of 278534?
4
What is the hundreds digit of 2965945?
9
What is the hundred thousands digit of 3118050?
1
What is the hundreds digit of 678946?
9
What is the millions digit of 1525281?
1
What is the hundred thousands digit of 246053?
2
What is the hundred thousands digit of 208601?
2
What is the hundreds digit of 3277208?
2
What is the ten thousands digit of 723530?
2
What is the thousands digit of 321049?
1
What is the ten millions digit of 21145730?
2
What is the hundreds digit of 826153?
1
What is the units digit of 279310?
0
What is the hundred thousands digit of 1579054?
5
What is the thousands digit of 253557?
3
What is the units digit of 248069?
9
What is the units digit of 453556?
6
What is the ten thousands digit of 1264995?
6
What is the hundreds digit of 2095697?
6
What is the units digit of 2026388?
8
What is the hundreds digit of 4020777?
7
What is the hundred thousands digit of 1118057?
1
What is the tens digit of 842886?
8
What is the thousands digit of 455800?
5
What is the thousands digit of 69817?
9
What is the ten millions digit of 10152725?
1
What is the thousands digit of 27841080?
1
What is the thousands digit of 3523590?
3
What is the ten thousands digit of 572177?
7
What is the units digit of 9614640?
0
What is the hundred thousands digit of 8009603?
0
What is the units digit of 4011324?
4
What is the thousands digit of 290871?
0
What is the thousands digit of 584545?
4
What is the units digit of 5300206?
6
What is the hundred thousands digit of 874495?
8
What is the units digit of 22076796?
6
What is the tens digit of 924016?
1
What is the hundreds digit of 1566635?
6
What is the ten millions digit of 13478952?
1
What is the tens digit of 13302086?
8
What is the ten thousands digit of 2912648?
1
What is the hundreds digit of 2775406?
4
What is the hundreds digit of 8433219?
2
What is the units digit of 4433246?
6
What is the hundreds digit of 249008?
0
What is the thousands digit of 192531?
2
What is the tens digit of 178935?
3
